f9
What is -363731 (base 10) in base 15?
-72b8b
Convert -9370d (base 16) to base 14.
-11a12d
Convert 100110100101110010110111 (base 2) to base 10.
10116279
Convert -58c675 (base 13) to base 14.
-3cdb99
What is 264be (base 16) in base 12?
7693a
Convert 81412 (base 15) to base 13.
1143b0
Convert -22132110101 (base 4) to base 2.
-1010011110010100010001
c864 (base 16) to base 11
355a7
What is 33b85 (base 15) in base 14?
43db2
Convert 10156562 (base 7) to base 4.
3100222232
12412203 (base 5) to base 7
1021012
-214620 (base 10) to base 7
-1552500
-13246221 (base 9) to base 16
-6394ed
What is -12344013 (base 6) in base 10?
-402633
Convert -288152 (base 9) to base 4.
-223012202
What is -540242 (base 12) in base 4?
-11010011102
What is 774543 (base 8) in base 12?
106883
-103110133110 (base 4) to base 14
-95ba16
-310465 (base 7) to base 6
-1045401
Convert 3710c (base 13) to base 16.
18b7b
What is 41505013 (base 8) in base 10?
8817163
4a63618 (base 11) to base 2
100001100001110101011010
What is 10202121103 (base 4) in base 12?
494417
20112000012 (base 3) to base 16
1f535
Convert -96a183 (base 11) to base 12.
-629577
-1417272 (base 9) to base 5
-144421103
Convert -558122 (base 9) to base 2.
-1010001100010011111
-17688 (base 14) to base 10
-58920
-26524275 (base 8) to base 4
-112222202331
-334331324 (base 5) to base 2
-101101001011000010110
-100100001111000 (base 2) to base 9
-27403
Convert -23186a1 (base 12) to base 7.
-111256663
Convert -4155020 (base 8) to base 4.
-10031220100
Convert -14817 (base 10) to base 15.
-45cc
73646713 (base 8) to base 4
323310313023
Convert 42042141 (base 5) to base 13.
c1975
-3ef4bb (base 16) to base 14
-79585d
Convert -84a72 (base 15) to base 7.
-3401663
-301212211222 (base 4) to base 16
-c6696a
What is -14400013 (base 5) in base 3?
-21210001121
What is 3847864 (base 9) in base 11?
1203921
13a079 (base 15) to base 14
1a8602
1364512 (base 8) to base 5
44344102
What is 101010000110000000101011 (base 2) in base 16?
a8602b
Convert -a770 (base 13) to base 6.
-255340
25454432 (base 7) to base 4
20311131323
Convert 56461546 (base 7) to base 15.
66d8ca
Convert 20758 (base 11) to base 2.
111010111110000
What is 295a0 (base 15) in base 6?
2503140
1a318 (base 16) to base 8
321430
1122306 (base 8) to base 16
4a4c6
Convert -503517 (base 10) to base 12.
-203479
What is 5881b (base 12) in base 8?
347627
-43070 (base 12) to base 7
-515115
130130113 (base 4) to base 13
4104a
Convert -116573 (base 10) to base 2.
-11100011101011101
What is -58993 (base 16) in base 11?
-228719
Convert -31707110 (base 8) to base 16.
-678e48
Convert -46583 (base 12) to base 9.
-153110
Convert -2513531 (base 6) to base 5.
-13244320
-1377408 (base 9) to base 16
-b988e
Convert 4036215 (base 8) to base 15.
160437
Convert -21631310 (base 7) to base 8.
-7112575
Convert -3705506 (base 10) to base 5.
-1422034011
Convert 12510213 (base 7) to base 2.
100010111101000101001
acdd (base 15) to base 2
1000111100110010
-120201110100 (base 3) to base 12
-12b099
Convert -1210100130 (base 5) to base 12.
-b39529
Convert 4101000 (base 7) to base 9.
823050
What is 1c940 (base 16) in base 10?
117056
What is 141907 (base 11) in base 6?
4431550
Convert 626212 (base 7) to base 14.
2b409
Convert -a7325 (base 12) to base 7.
-1604105
What is 536231 (base 7) in base 2?
10110110011101000
What is -5706b (base 14) in base 11?
-1348a7
10001000100011010101 (base 2) to base 16
888d5
Convert -408772 (base 12) to base 9.
-1808715
Convert -100b196 (base 12) to base 13.
-812b71
What is -32304004 (base 5) in base 8?
-1032060
What is -105239 (base 12) in base 10?
-257805
-1e93d2 (base 15) to base 13
-406604
143e3c (base 15) to base 7
11201112
Convert -612222 (base 7) to base 11.
-71195
Convert -1100737 (base 8) to base 12.
-122b3b
-7488550 (base 9) to base 5
-2011440203
What is -2170c28 (base 13) in base 14?
-150300c
-1000111111110010001110 (base 2) to base 4
-20333302032
What is -3133003010 (base 4) in base 13?
-25cac3
1022835 (base 9) to base 10
546701
What is -32899 (base 16) in base 10?
-207001
-51330214 (base 6) to base 7
-15345211
What is 3a5a64 (base 16) in base 10?
3824228
-33b769 (base 14) to base 13
-498350
-10311201012 (base 4) to base 3
-2101102001220
What is -104604426 (base 7) in base 12?
-2157883
-153446 (base 9) to base 11
-64a25
-884527 (base 11) to base 2
-101011000100110100110
What is -13024006 (base 7) in base 12?
-4904ba
What is 11122121100 (base 3) in base 9?
148540
-1221202221212 (base 3) to base 7
-11554361
What is 3410 (base 9) in base 6?
15400
What is 332ab2 (base 16) in base 11?
19903a4
2a7953 (base 11) to base 2
1110100111100000000
Convert -33322220200 (base 4) to base 7.
-50315125
3c0cd (base 15) to base 11
121752
Convert -94358 (base 13) to base 10.
-266417
Convert -3662605 (base 7) to base 4.
-1302202330
Convert -2980d (base 14) to base 2.
-11001001011000101
What is a31d (base 15) in base 14?
c7ad
Convert -2b11a1 (base 14) to base 3.
-2211021101220
-220102202102011 (base 3) to base 9
-26382364
14032322 (base 6) to base 15
94852
What is 3e2d5 (base 16) in base 8?
761325
Convert 12072a7 (base 13) to base 11.
317530a
What is -4e1037 (base 16) in base 5?
-2302202314
What is 891051 (base 12) in base 13?
5b3ab9
-236145 (base 10) to base 16
-39a71
-170809 (base 10) to base 8
-515471
What is 15225532 (base 6) in base 11?
3341a9
What is 3212330123 (base 5) in base 2?
11001110010101101001000
Convert -2353323 (base 6) to base 4.
-132033303
-1b7dd (base 15) to base 5
-10331113
What is 12746214 (base 8) in base 6?
141304540
What is -113d050 (base 15) in base 6?
-1120340333
Convert 10011110001000001111011 (base 2) to base 3.
100202020202202
142758 (base 13) to base 12
1b8303
-2340214 (base 9) to base 4
-10311030100
-2e3ad2 (base 15) to base 4
-20202321020
Convert 74197 (base 15) to base 13.
cb7c4
Convert 20344010 (base 5) to base 2.
101001001010110110
Convert -587361 (base 9) to base 6.
-11322514
3be4e4 (base 15) to base 10
2883364
-214152 (base 10) to base 8
-642210
What is -4e075 (base 16) in base 7?
-2500536
Convert -3859 (base 11) to base 2.
-1001110100001
Convert -52270 (base 10) to base 9.
-78627
111100100222112 (base 3) to base 4
123003232211
What is -7022a1 (base 13) in base 5?
-1131311124
Convert -3221210033 (base 4) to base 7.
-11063114
What is -50543700 (base 8) in base 5?
-10212333333
660157 (base 9) to base 13
10a31a
Convert -5150221 (base 6) to base 4.
-330131011
-1213583 (base 9) to base 13
-1a0b05
What is -10101122201 (base 3) in base 16?
-10501
474727 (base 12) to base 7
12522124
What is 572a24 (base 11) in base 2?
11011110100100011000
Convert 41098 (base 15) to base 10.
206018
1838847 (base 9) to base 2
11111011011110010111
10111001100101110100001 (base 2) to base 14
b443a9
d90d35 (base 14) to base 16
700013
Convert 10614706 (base 9) to base 5.
2304203223
1100000100111110101 (base 2) to base 4
1200213311
Convert -12424314 (base 5) to base 14.
-33125
What is -122403243 (base 5) in base 11?
-37409a
Convert b37722 (base 13) to base 11.
23aa416
Convert 501544 (base 8) to base 12.
7b398
What is -61a0028 (base 11) in base 9?
-22518483
What is -1312234142 (base 5) in base 11?
-1915605
What is 10110000210 (base 3) in base 14?
1aa02
Convert -12312622 (base 7) to base 13.
-2cc5a2
-12cc (base 14) to base 6
-23204
What is -3450049 (base 10) in base 13?
-93a465
-205222302 (base 6) to base 16
-371a3e
What is -124154413 (base 6) in base 11?
-1418281
Convert 1330125 (base 11) to base 7.
25352666
50ac00 (base 14) to base 16
297cc0
112220100100 (base 3) to base 15
5bd90
Convert 1ab15 (base 15) to base 16.
15356
What is 55240257 (base 8) in base 10?
11878575
What is -22152141 (base 6) in base 13?
-1a5036
What is -34ae9 (base 16) in base 13?
-772ab
Convert 30123102200 (base 4) to base 7.
36455045
What is 9c762 (base 16) in base 8?
2343542
1a75922 (base 12) to base 16
55e5ea
92a4 (base 14) to base 4
12022100
-674602 (base 8) to base 9
-376325
1429220 (base 14) to base 6
545402352
220fdc (base 16) to base 5
1032413114
What is 100623355 (base 7) in base 6?
325503341
What is 667017 (base 8) in base 7?
1624226
Convert 11333155 (base 6) to base 5.
42321102
What is 186a816 (base 11) in base 9?
5848535
Convert -1443330 (base 6) to base 12.
-40546
What is -53233 (base 11) in base 12?
-38a04
Wh